3*c + z*b + b = -137. List the prime factors of c.
3, 13
Let n(c) = 11*c**2 - 5*c - 1. List the prime factors of n(4).
5, 31
Suppose 7*t - 4620 = 5*a + 2*t, -4*t = 2*a + 1824. What are the prime factors of a/(-14) + ((-57)/21 - -3)?
2, 3, 11
Suppose 47*b = 50802 + 31824. What are the prime factors of b?
2, 3, 293
Let m = -40 + 42. Suppose 5*n + 314 = m*z, -5*n - 296 = -4*z + 342. List the prime factors of z.
2, 3
Let d(h) = -h**2 + 15*h - 16. Let p be d(14). What are the prime factors of 40 + 3 - (p + 3)?
2, 3, 7
Suppose -3*v + 75 = q, -5*v + 135 = q + 4*q. Suppose -v*s + 4 = -25*s. What are the prime factors of 7 + (0 - (-5 - s))?
2
Let c(r) = -11*r - r**3 + 8 - 7*r**2 + 0*r + 0*r + 2*r. What are the prime factors of c(-6)?
2, 13
Let h(f) = 20*f**2 - 5*f + 65. List the prime factors of h(6).
5, 151
Let s = 5 - 4. List the prime factors of (-268)/32*-2*(5 - s).
67
Suppose -3*g - 2*g = 3*t - 29, -t - 13 = -4*g. Suppose h + 242 = -5*j + 809, 0 = g*j - h - 450. What are the prime factors of j?
113
Suppose -2*v = 3*v - 400. Suppose -i = -3*i - v. List the prime factors of (i/3)/5*-12.
2
Suppose 4*j = -g - g + 470, 0 = -5*j + g + 598. List the prime factors of j.
7, 17
Let x(g) be the first derivative of -g**4/4 - g**3/3 - g**2/2 + g - 5. Let w be x(-2). Let k(l) = -l**2 + 11*l - 8. What are the prime factors of k(w)?
2, 5
Suppose 2*c = -2*z + 4*c + 18, -2*z + 3*c = -16. List the prime factors of 0 + 64 + (z - 12).
3, 7
Suppose -3*s - k + 17960 - 5070 = 0, 0 = 2*s + k - 8593. List the prime factors of s.
4297
Let l = 37 - 22. Let q = l + -6. Suppose q*o = 7*o + 66. What are the prime factors of o?
3, 11
Suppose 33*s - 39450 = 3*s. What are the prime factors of s?
5, 263
Suppose -4*x + 649 = 5*b + 114, x - 142 = -4*b. What are the prime factors of x?
2, 5, 13
Let s be ((-45)/(-10))/(6/(-8)). Let x = 22 + s. What are the prime factors of (x/(2/2))/2?
2
Suppose 0 = 3*x - 15, 4*s = 3*x - 2*x + 187. List the prime factors of s.
2, 3
Let d(w) be the third derivative of -25*w**4/24 - 23*w**3/3 + 37*w**2. What are the prime factors of d(-12)?
2, 127
Suppose 0 = -4*u + o + 3007, u + 0*o - 2*o - 743 = 0. List the prime factors of u.
3, 251
Let p be 8/14 - (-240)/70. Suppose p*o = 503 - 7. What are the prime factors of o?
2, 31
Suppose -2 - 8 = -2*n, -3*r - 3 = -3*n. Suppose 320 = 9*f - r*f. What are the prime factors of f?
2
Let p(b) = 388*b + 103. What are the prime factors of p(4)?
5, 331
Let b be 0 - (4 + (-13 - -3)). What are the prime factors of (0 - 3/b)/(1/(-36))?
2, 3
Suppose 86150 = 19*t + 31*t. What are the prime factors of t?
1723
Let i = -16 + 56. Let r = 27 - i. Let p = r - -30. List the prime factors of p.
17
Suppose -o - 356 = 5*f, -3*o - 5*f = 89 + 1029. Let q = 601 + o. List the prime factors of q.
2, 5, 11
Let i(j) = j + 18. Let l be i(0). Let p be (l/(-4))/((-24)/32). Let v(m) = m**2 - 3*m + 7. List the prime factors of v(p).
5
Let z be ((-2)/6)/(9/(-27)). Let o be (-206)/(-2 + 2 + z). Let m = -143 - o. What are the prime factors of m?
3, 7
Let b(y) = 16*y**2 - 5*y + 56. List the prime factors of b(5).
431
Suppose -10*c = -7*c - 3. Let q = c - -5. Suppose -q*t + 5*t = -36. List the prime factors of t.
2, 3
Suppose 1122 = 16*d - 14*d + 2*z, -2*z + 563 = d. What are the prime factors of d?
13, 43
List the prime factors of 2368/3 + 42/63.
2, 5, 79
Suppose 63 = -2*j - 9. Let u be (-8)/(-10) + j/(-30). Suppose 4*o - 56 = u*n, -n - 39 = -3*o + 2*n. List the prime factors of o.
3, 5
Let a = 496 - 266. Let l = 499 - a. List the prime factors of l.
269
List the prime factors of ((-1666)/6 + 4)*3/(-1).
821
Let r(f) = f**2 - 13*f + 9. Let y(v) = 2*v**2 - 24*v + 5. Let h be y(12). Let z be r(h). Let u = z + 87. What are the prime factors of u?
2, 7
Let l = -5 + 8. Suppose 0 = -3*q - 12, -l*o + 0*o + 3*q = -123. List the prime factors of o.
37
Let p(m) = 2*m - 8*m**2 + 0*m - 7*m**2 + 17*m**2 + 4. What are the prime factors of p(-2)?
2
Suppose -4*q + 4*i + 4 = 0, 3*q - 4*i - 7 = -2*i. Let x(c) = c**3 + 22*c - 6 - 23 + 21*c**2 - q*c. What are the prime factors of x(-20)?
31
Suppose -3*o = -0*o. Let g = 52 - o. What are the prime factors of g?
2, 13
Let k(l) = 131*l - 55. Let h be k(5). Suppose 2*m + h = 5*m. List the prime factors of m.
2, 5
Suppose 2*y - y + 58 = 3*q, -q + 14 = y. Suppose 60 = 5*g + 3*r - q, 3*g = 5*r + 74. List the prime factors of g.
2, 3
Let m(p) = p**2 - 7*p + 13. Let g be m(5). Suppose -8 = -2*h, 0 = n - g*h - 126 - 84. List the prime factors of n.
2, 3, 37
Suppose 6*h - 20 = 8*h. Let v = -19 - h. What are the prime factors of (25 - 1)*(-8 - v)?
2, 3
Suppose 3544 = 3*h + 4*q, -h + 559 = -3*q - 605. What are the prime factors of h?
2, 3, 7
Suppose 3*d + 0*u + 2*u = 5715, -5*u = -d + 1922. Suppose -9*n - 134 = -d. What are the prime factors of n?
197
Let x(c) = 54*c**3 + 2*c**2 - c - 2. Let l be x(-1). Let q be 2/4*(l + -5). Let g = 75 + q. List the prime factors of g.
2, 23
Suppose -3*u = 4*c + c + 326, -2*u - 2*c - 212 = 0. Let v = u - -35. Let b = -37 - v. List the prime factors of b.
2, 3, 5
Let n(u) = 24*u**2 - 11*u - 16. What are the prime factors of n(-3)?
233
Let v(b) be the first derivative of -47*b**4/4 + 2*b**3/3 + b**2 + b + 5. What are the prime factors of v(-1)?
2, 3
Let t(h) = -3*h**3 + 4*h + 3. Let l be t(-1). Suppose 3*a = l*a + 48. Suppose -p = p - a. List the prime factors of p.
2, 3
Let f(u) = u**2 - 2*u + 1. Let o be f(3). Suppose -j - o + 26 = 0. What are the prime factors of j?
2, 11
Let r(p) = -p**2 + 16*p + 15. List the prime factors of r(14).
43
Let q = -403 + 170. Let v = 451 + q. List the prime factors of v.
2, 109
Let c = -146 - -152. Suppose -2*j - 5*u = 12, -j + 3*u + u + 7 = 0. What are the prime factors of (14/(-6))/(j/c)?
2, 7
Let o(k) = k**3 + k**2 - 1. Let u be o(1). Let c be -1*(2 - u) + 132. Suppose 5 = -6*y + c. What are the prime factors of y?
3, 7
Suppose -990 = 2*o - 8*o. What are the prime factors of (4/5)/(3/o)?
2, 11
Let x be 20/(-110) + 3854/22. Suppose -z + 42 = 2*n, 3*z - 48 = 5*n - x. List the prime factors of n.
23
Suppose 4*g + 3399 = 5*q, -g = 3*q - 5*g - 2033. What are the prime factors of q?
683
Let s be (0 - -4) + -14 + -14. Let w be 13/(-2)*s/12. Let n(p) = p**3 - 14*p**2 + 14*p + 3. What are the prime factors of n(w)?
2
Let p(s) = s**3 + 6*s**2 + s + 64. Let m be p(-7). Let v be 0/((2*1)/2). Suppose 2*h + m = v, -3*h = -6*y + 2*y + 260. What are the prime factors of y?
2, 31
Let a(w) = -w - 11. Let s be a(-7). List the prime factors of (0 + s)*(-72)/16.
2, 3
Suppose 3*i - 32 = -2*u, 3*i + 37 = 4*u - 27. Let b be ((-3)/(-3) - u)*-1. List the prime factors of 3/9 - (-460)/b.
31
Suppose -6*s + 715 = -s. List the prime factors of s.
11, 13
Suppose 0 = j + 5*g - 0*g - 1037, 2*j = 2*g + 2098. List the prime factors of j.
3, 349
Let a = 380 - 150. List the prime factors of a.
2, 5, 23
Suppose -y = -0*y + 2*p - 26, y - 54 = 5*p. Suppose 4*r + 13 + y = g, 5*g = -3*r + 212. List the prime factors of g.
43
Suppose x + 3*m - 1277 = -0*m, 6300 = 5*x - 2*m. What are the prime factors of x?
2, 631
Let b be (-10)/55 - 84/22. Let r be (b + -4)*2/(-4). Suppose 48 = r*n + 4*t, 2*n + 2*n = -5*t + 51. List the prime factors of n.
3
Suppose 0 = -11*i + 6084 - 1068. Suppose 34 = -2*a + i. List the prime factors of a.
211
Let w(l) = 29*l - 5. Let p be w(-2). Let g = 69 - p. What are the prime factors of g?
2, 3, 11
Let p be ((-390)/(-4))/(2/(-16)*6). Suppose -3*g = -0*g + 90. What are the prime factors of p/(-4)*(-48)/g?
2, 13
Let d = 80 - 32. Suppose -26 = -2*t + d. List the prime factors of t.
37
Let k = -2352 - -4381. What are the prime factors of k?
2029
Let r = 9 + -1. Suppose 3*h - r = -h. Suppose 167 = 5*c + w, c - 89 = -h*c + 5*w. List the prime factors of c.
3, 11
Suppose -19 = -4*d + 1. Suppose -d*s = -9*s + 16. Suppose -s*g = -0*z - z + 1, -4*z + 58 = 2*g. What are the prime factors of z?
13
Let g(m) = -10*m**3 + m**2 + 5*m + 6. Let w = 10 - 13. Let q be g(w). Suppose 6*z = -0*z + q. List the prime factors of z.
3, 5
Let a = -3764 + 5525. What are the prime factors of a/27 - ((-2)/(-9))/1?
5, 13
Suppose 513 = 6*c - 39. Suppose 10*m - c = 8*m. What are the prime factors of m?
2, 23
Suppose -q + 3 + 0 = 0. Suppose -2*g = q*w - 22, 1 - 7 = -2*g + 5*w. List the prime factors of (-1)/(-2)*g